81841900.
2, 5, 7, 17, 65701
List the prime factors of 71785342.
2, 41, 373, 2347
What are the prime factors of 750153411?
3, 7, 29, 71, 5783
What are the prime factors of 14569665?
3, 5, 11, 88301
List the prime factors of 4029621788.
2, 1007405447
What are the prime factors of 87376443?
3, 7, 11, 378253
What are the prime factors of 802146091?
23, 1979, 17623
List the prime factors of 7328272.
2, 7, 59, 1109
List the prime factors of 937323597.
3, 7, 6376351
List the prime factors of 29420510.
2, 5, 7, 420293
What are the prime factors of 140418455?
5, 19, 1478089
List the prime factors of 1901781157.
373, 1423, 3583
What are the prime factors of 611707770?
2, 3, 5, 17, 23, 17383
What are the prime factors of 8301505?
5, 23, 37, 1951
List the prime factors of 45057346.
2, 691, 32603
List the prime factors of 82763020.
2, 5, 73, 56687
What are the prime factors of 551874383?
17, 32463199
What are the prime factors of 339307318?
2, 7, 17, 1425661
List the prime factors of 146535957.
3, 16281773
List the prime factors of 431770296.
2, 3, 137, 131317
List the prime factors of 542164606.
2, 271082303
What are the prime factors of 5892220?
2, 5, 29, 10159
List the prime factors of 4044982941.
3, 17, 19, 349, 443
List the prime factors of 178906253.
1123, 159311
List the prime factors of 146456357.
107, 281, 4871
What are the prime factors of 68444311?
13, 31, 169837
What are the prime factors of 2521982415?
3, 5, 619, 271619
What are the prime factors of 13527457?
13527457
What are the prime factors of 26480954?
2, 61, 217057
What are the prime factors of 1482490687?
1693, 875659
List the prime factors of 99676010.
2, 5, 7, 1423943
List the prime factors of 4459851882.
2, 3, 13249, 18701
What are the prime factors of 27049906?
2, 13, 1040381
What are the prime factors of 119604166?
2, 11, 353, 15401
What are the prime factors of 3222337447?
7, 460333921
What are the prime factors of 448421823?
3, 23, 2166289
List the prime factors of 1673733508.
2, 127, 3294751
List the prime factors of 139368920.
2, 5, 227, 15349
What are the prime factors of 14118070?
2, 5, 29, 89, 547
List the prime factors of 1973462615.
5, 29, 191, 71257
What are the prime factors of 5690032258?
2, 19, 1627, 92033
List the prime factors of 251486530.
2, 5, 61, 412273
List the prime factors of 812978.
2, 67, 6067
What are the prime factors of 53527283?
53527283
What are the prime factors of 2718294706?
2, 31, 43843463
What are the prime factors of 193610672?
2, 47, 79, 3259
List the prime factors of 660200511.
3, 2113, 104149
What are the prime factors of 8485519?
7, 601, 2017
What are the prime factors of 571014602?
2, 67, 83, 51341
What are the prime factors of 168867421?
19, 8887759
What are the prime factors of 127090241?
43, 947, 3121
List the prime factors of 835195480.
2, 5, 7, 2982841
List the prime factors of 181866243.
3, 13, 31, 150427
What are the prime factors of 116504697?
3, 79, 491581
List the prime factors of 8278575.
3, 5, 17, 43, 151
What are the prime factors of 269397458?
2, 11, 277, 44207
List the prime factors of 50837280.
2, 3, 5, 13, 8147
List the prime factors of 62307372.
2, 3, 41, 126641
What are the prime factors of 65343953?
97, 673649
List the prime factors of 30083506.
2, 17, 127, 6967
What are the prime factors of 71230958?
2, 137, 259967
What are the prime factors of 8099765?
5, 1249, 1297
List the prime factors of 255934089.
3, 28437121
List the prime factors of 1044076752.
2, 3, 19, 381607
List the prime factors of 167380823.
19, 337, 26141
What are the prime factors of 620963549?
2441, 254389
What are the prime factors of 14160810?
2, 3, 5, 472027
What are the prime factors of 41808999?
3, 13936333
What are the prime factors of 22167537?
3, 7, 1055597
List the prime factors of 197550391.
19, 61, 8971
List the prime factors of 100281148.
2, 11, 2279117
What are the prime factors of 896778025?
5, 11, 13, 137, 1831
What are the prime factors of 53085292?
2, 13, 167, 6113
List the prime factors of 810755190.
2, 3, 5, 7, 149, 2879
List the prime factors of 976483450.
2, 5, 79, 269, 919
What are the prime factors of 19371914?
2, 491, 19727
What are the prime factors of 1008320098?
2, 504160049
What are the prime factors of 107104759?
181, 591739
What are the prime factors of 4807409706?
2, 3, 11, 24279847
List the prime factors of 951609206.
2, 2903, 163901
List the prime factors of 97336605.
3, 5, 6489107
What are the prime factors of 36560508?
2, 3, 3046709
What are the prime factors of 83932602?
2, 3, 13, 53, 79, 257
What are the prime factors of 5893003644?
2, 3, 11, 53, 842339
What are the prime factors of 3723095969?
229, 16258061
List the prime factors of 157722009.
3, 37, 1420919
List the prime factors of 65345183.
127, 514529
What are the prime factors of 917674794?
2, 3, 2531, 20143
What are the prime factors of 7077848?
2, 17, 71, 733
List the prime factors of 366419284.
2, 7, 11, 1189673
What are the prime factors of 47240232?
2, 3, 13, 19, 613
List the prime factors of 255366354.
2, 3, 1889, 22531
List the prime factors of 85553157.
3, 239, 119321
List the prime factors of 246398750.
2, 5, 13, 59, 257
What are the prime factors of 1415037197?
7, 202148171
What are the prime factors of 71304531?
3, 23, 79, 103, 127
List the prime factors of 1654810091.
11, 150437281
What are the prime factors of 212695847?
7, 13, 2337317
What are the prime factors of 381553049?
17, 23, 571, 1709
What are the prime factors of 173950496?
2, 5435953
List the prime factors of 180653435.
5, 139, 259933
List the prime factors of 2705961241.
2213, 1222757
What are the prime factors of 319009939?
347, 919337
List the prime factors of 23468388.
2, 3, 131, 14929
What are the prime factors of 25373129?
17, 109, 13693
What are the prime factors of 1397710162?
2, 24181, 28901
List the prime factors of 549577761.
3, 37, 4951151
What are the prime factors of 1242492302?
2, 621246151
What are the prime factors of 6893983477?
6893983477
List the prime factors of 7078275.
3, 5, 163, 193
List the prime factors of 88599701.
173, 512137
List the prime factors of 486740050.
2, 5, 9734801
List the prime factors of 2705898781.
2705898781
List the prime factors of 267760642.
2, 17, 73, 107881
List the prime factors of 158246583.
3, 11, 39631
List the prime factors of 82408695.
3, 5, 31, 177223
What are the prime factors of 142681600?
2, 5, 71, 157
What are the prime factors of 119717868?
2, 3, 41, 61, 3989
List the prime factors of 72161596.
2, 13, 157, 8839
List the prime factors of 27528290.
2, 5, 67, 181, 227
What are the prime factors of 3254240?
2, 5, 11, 43
List the prime factors of 87432619.
87432619
List the prime factors of 101574962.
2, 1523, 33347
List the prime factors of 72106699.
7, 73, 1933
List the prime factors of 269344228.
2, 19, 29, 122207
List the prime factors of 198969928.
2, 29, 857629
List the prime factors of 1029461293.
7, 147065899
What are the prime factors of 108869384?
2, 13, 61, 131
What are the prime factors of 10559690?
2, 5, 1055969
What are the prime factors of 54417023?
47, 383, 3023
What are the prime factors of 879117954?
2, 3, 11, 13, 19, 53927
List the prime factors of 411563140.
2, 5, 79, 260483
What are the prime factors of 56686127?
56686127
What are the prime factors of 1222330237?
199, 6142363
List the prime factors of 47664526.
2, 7, 13, 101, 2593
List the prime factors of 2562564101.
499, 2029, 2531
What are the prime factors of 499473327?
3, 1759, 94651
What are the prime factors of 7408330050?
2, 3, 5, 11, 4489897
List the prime factors of 233518568.
2, 113, 258317
List the prime factors of 842651315.
5, 11, 883, 17351
List the prime factors of 7720836.
2, 3, 643403
List the prime factors of 4432219341.
3, 11, 199, 601, 1123
List the prime factors of 250204784.
2, 15637799
List the prime factors of 7695387762.
2, 3, 1282564627
What are the prime factors of 61872423?
3, 67, 307823
List the prime factors of 19454299.
1237, 15727
List the prime factors of 1757523928.
2, 1747, 125753
What are the prime factors of 67707268?
2, 463, 36559
List the prime factors of 5130570131.
17, 301798243
List the prime factors of 359599476.
2, 3, 29966623
List the prime factors of 1391818812.
2, 3, 103, 1126067
List the prime factors of 14388